{"id":1084,"date":"2020-08-03T08:41:40","date_gmt":"2020-08-03T11:41:40","guid":{"rendered":"http:\/\/lookjeans.com.br\/web\/?page_id=1084"},"modified":"2026-03-05T14:13:58","modified_gmt":"2026-03-05T17:13:58","slug":"empresa","status":"publish","type":"page","link":"http:\/\/lookjeans.com.br\/web\/empresa\/","title":{"rendered":"Empresa"},"content":{"rendered":"<p>[vc_row css_animation=&#8221;&#8221; row_type=&#8221;row&#8221; use_row_as_full_screen_section=&#8221;no&#8221; type=&#8221;grid&#8221; angled_section=&#8221;no&#8221; text_align=&#8221;left&#8221; background_image_as_pattern=&#8221;without_pattern&#8221; css=&#8221;.vc_custom_1532720613261{padding-top: 100px !important;padding-bottom: 75px !important;}&#8221;][vc_column offset=&#8221;vc_col-lg-6 vc_col-md-6&#8243; css=&#8221;.vc_custom_1457621521676{padding-right: 4% !important;}&#8221;][vc_column_text]<\/p>\n<h2>Nossa Hist\u00f3ria<\/h2>\n<p>[\/vc_column_text][vc_separator type=&#8221;small&#8221; position=&#8221;left&#8221;][vc_column_text]<\/p>\n<h4>Uma hist\u00f3ria de sucesso.<\/h4>\n<p>[\/vc_column_text][vc_separator type=&#8221;transparent&#8221; thickness=&#8221;0&#8243; up=&#8221;0&#8243; down=&#8221;35&#8243;][vc_column_text]<\/p>\n<h3>Desde 1999 a\u00a0<strong>Look Jeans<\/strong> trabalha com os melhores fornecedores e insumos, sempre garantindo um produto de qualidade.<\/h3>\n<p>[\/vc_column_text][vc_separator type=&#8221;transparent&#8221; thickness=&#8221;0&#8243; up=&#8221;0&#8243; down=&#8221;42&#8243;][vc_separator type=&#8221;transparent&#8221; thickness=&#8221;0&#8243; up=&#8221;0&#8243; down=&#8221;42&#8243;]<a  itemprop=\"url\" href=\"http:\/\/lookjeans.com.br\/web\/contato\/\" target=\"_self\" data-hover-background-color=#c59c96 data-hover-border-color=#c59c96 data-hover-color=#3b2615 class=\"qbutton  center default\" style=\"color: #ffffff; border-color: #3b2615; font-weight: 400; background-color: #3b2615;\">FALE CONOSCO<\/a>[vc_separator type=&#8221;transparent&#8221; thickness=&#8221;0&#8243; up=&#8221;0&#8243; down=&#8221;72&#8243;][\/vc_column][vc_column offset=&#8221;vc_col-lg-6 vc_col-md-6&#8243;][vc_column_text]A <strong>Look Jeans<\/strong> foi fundada em 12 de maio de 1999, na cidade de Cerquilho, interior de s\u00e3o paulo, distante cerca de 140 km da capital paulista. A empresa surgiu \u00e0 partir de outra empresa, a confec\u00e7\u00e3o rocicl\u00ea (confec\u00e7\u00e3o que produz roupas para festas e batizados). Com a experi\u00eancia adquirida trabalhando na confec\u00e7\u00e3o rocicl\u00ea e sentido a necessidade de expandir os neg\u00f3cios, os jovens F\u00e1bio e Fabiane, ambos na \u00e9poca com 18 anos, fundaram a Look Jeans.[\/vc_column_text][vc_separator type=&#8221;transparent&#8221;][vc_column_text]Nossas pe\u00e7as s\u00e3o desenvolvidas por profissionais altamente qualificados e sempre seguindo as principais tend\u00eancias da moda.[\/vc_column_text][vc_separator type=&#8221;transparent&#8221;][vc_column_text]A <strong>Look Jeans<\/strong> conta hoje com uma estrutura pr\u00f3pria, atendendo todo o brasil e gerando um consider\u00e1vel n\u00famero de empregos diretos e indiretos. Uma hist\u00f3ria de muito trabalho e dedica\u00e7\u00e3o na melhoria constante de seus processos, produtos e no atendimento a clientes.[\/vc_column_text][vc_separator type=&#8221;transparent&#8221;][vc_column_text]<strong>MENINO<\/strong> P ao GG \u2013 Baby P ao 4 \u2013 Baby Kids 1 ao 4 \u2013 \u00a0Kids 4 ao 18 \u2013 Teen<\/p>\n<p style=\"font-weight: 400;\"><strong>MENINA<\/strong> P ao GG \u2013 Baby P ao 4 \u2013 Baby Kids 1 ao 4 \u2013\u00a0 Kids 4 ao 18 \u2013 Teen<\/p>\n<p>[\/vc_column_text][\/vc_column][\/vc_row][vc_row row_type=&#8221;parallax&#8221; parallax_content_width=&#8221;in_grid&#8221; text_align=&#8221;center&#8221; background_image=&#8221;1753&#8243; full_screen_section_height=&#8221;no&#8221; css=&#8221;.vc_custom_1772720651081{padding-top: 200px !important;padding-bottom: 200px !important;}&#8221;][vc_column][vc_column_text css=&#8221;.vc_custom_1772730713392{padding-top: 150px !important;padding-bottom: 150px !important;}&#8221;]<\/p>\n<h1 style=\"text-align: center;\"><span style=\"color: #ffffff;\">LOOK JEANS \/\/ INVERNO 2026<\/span><\/h1>\n<p>[\/vc_column_text][\/vc_column][\/vc_row][vc_row css_animation=&#8221;&#8221; row_type=&#8221;row&#8221; use_row_as_full_screen_section=&#8221;no&#8221; type=&#8221;grid&#8221; angled_section=&#8221;no&#8221; text_align=&#8221;left&#8221; background_image_as_pattern=&#8221;without_pattern&#8221; css=&#8221;.vc_custom_1501163185448{padding-top: 100px !important;padding-bottom: 75px !important;}&#8221;][vc_column offset=&#8221;vc_col-lg-6 vc_col-md-6&#8243; css=&#8221;.vc_custom_1501527924613{padding-right: 4% !important;padding-bottom: 75px !important;}&#8221;][vc_column_text]<\/p>\n<h2>Miss\u00e3o<\/h2>\n<p>[\/vc_column_text][vc_separator type=&#8221;small&#8221; position=&#8221;left&#8221;][vc_column_text]<\/p>\n<h4>Nosso objetivo principal como empresa<\/h4>\n<p>[\/vc_column_text][vc_separator type=&#8221;transparent&#8221; thickness=&#8221;0&#8243; up=&#8221;0&#8243; down=&#8221;35&#8243;][vc_column_text]Confeccionar produtos para o vestu\u00e1rio com pre\u00e7o justo, respeitando funcion\u00e1rios, concorrentes e a sociedade em geral, na busca pela satisfa\u00e7\u00e3o dos consumidores.[\/vc_column_text][\/vc_column][vc_column offset=&#8221;vc_col-lg-6 vc_col-md-6&#8243;][vc_column_text]<\/p>\n<h2>Vis\u00e3o<\/h2>\n<p>[\/vc_column_text][vc_separator type=&#8221;small&#8221; position=&#8221;left&#8221;][vc_column_text]<\/p>\n<h4>O que queremos ser como empresa<\/h4>\n<p>[\/vc_column_text][vc_separator type=&#8221;transparent&#8221; thickness=&#8221;0&#8243; up=&#8221;0&#8243; down=&#8221;35&#8243;][vc_column_text]Ser reconhecida como uma empresa parceira, com excel\u00eancia em confec\u00e7\u00e3o infantil e que oferece produtos exclusivos e de qualidade.[\/vc_column_text][\/vc_column][vc_column css=&#8221;.vc_custom_1501163201295{padding-top: 75px !important;}&#8221;][vc_separator type=&#8221;normal&#8221; color=&#8221;#002856&#8243; thickness=&#8221;2&#8243;][\/vc_column][\/vc_row][vc_row css_animation=&#8221;&#8221; row_type=&#8221;row&#8221; use_row_as_full_screen_section=&#8221;no&#8221; type=&#8221;grid&#8221; angled_section=&#8221;no&#8221; text_align=&#8221;center&#8221; background_image_as_pattern=&#8221;without_pattern&#8221; css=&#8221;.vc_custom_1501161159953{padding-bottom: 100px !important;}&#8221;][vc_column][vc_column_text]<\/p>\n<h2 style=\"text-align: left;\">Nossos Valores<\/h2>\n<p>[\/vc_column_text][vc_separator type=&#8221;small&#8221; position=&#8221;left&#8221;][vc_row_inner row_type=&#8221;row&#8221; type=&#8221;full_width&#8221; text_align=&#8221;left&#8221; css_animation=&#8221;&#8221;][vc_column_inner offset=&#8221;vc_col-lg-3 vc_col-md-3&#8243;][vc_column_text]<\/p>\n<p style=\"text-align: left;\"><span style=\"color: #e3526a;\"><strong>INOVA\u00c7\u00c3O E CRIATIVIDADE<br \/>\n<\/strong><\/span>Reconhecemos que a criatividade e inova\u00e7\u00e3o s\u00e3o cada vez mais importantes para atingirmos nossos objetivos em um mercado cada vez mais competitivo.<\/p>\n<p>[\/vc_column_text][vc_separator type=&#8221;transparent&#8221; thickness=&#8221;0&#8243; up=&#8221;0&#8243; down=&#8221;45&#8243;][\/vc_column_inner][vc_column_inner offset=&#8221;vc_col-lg-3 vc_col-md-3&#8243;][vc_column_text]<\/p>\n<p style=\"text-align: left;\"><span style=\"color: #e3526a;\"><strong>\u00c9TICA<br \/>\n<\/strong><\/span>Atuar de forma integra e transparente, orientados pela justi\u00e7a, respeito e honestidade.<\/p>\n<p>[\/vc_column_text][vc_separator type=&#8221;transparent&#8221; thickness=&#8221;0&#8243; up=&#8221;0&#8243; down=&#8221;45&#8243;][\/vc_column_inner][vc_column_inner offset=&#8221;vc_col-lg-3 vc_col-md-3&#8243;][vc_column_text]<\/p>\n<p style=\"text-align: left;\"><span style=\"color: #e3526a;\"><strong>RESPONSABILIDADE<br \/>\n<\/strong><\/span>Buscar permanentemente, a promo\u00e7\u00e3o da qualidade de vida dos nossos funcion\u00e1rios e as necessidades dos clientes.<\/p>\n<p>[\/vc_column_text][vc_separator type=&#8221;transparent&#8221; thickness=&#8221;0&#8243; up=&#8221;0&#8243; down=&#8221;45&#8243;][\/vc_column_inner][vc_column_inner offset=&#8221;vc_col-lg-3 vc_col-md-3&#8243;][vc_column_text]<\/p>\n<p style=\"text-align: left;\"><span style=\"color: #e3526a;\"><strong>ESP\u00cdRITO DE EQUIPE<br \/>\n<\/strong><\/span>Trabalhar para atingir melhores resultados, compartilhando id\u00e9ias e talentos, respeitando as diferen\u00e7as de ser de cada um.<\/p>\n<p>[\/vc_column_text][vc_separator type=&#8221;transparent&#8221; thickness=&#8221;0&#8243; up=&#8221;0&#8243; down=&#8221;45&#8243;][\/vc_column_inner][\/vc_row_inner][\/vc_column][\/vc_row]<\/p>\n","protected":false},"excerpt":{"rendered":"<p>[vc_row css_animation=&#8221;&#8221; row_type=&#8221;row&#8221; use_row_as_full_screen_section=&#8221;no&#8221; type=&#8221;grid&#8221; angled_section=&#8221;no&#8221; text_align=&#8221;left&#8221; background_image_as_pattern=&#8221;without_pattern&#8221; css=&#8221;.vc_custom_1532720613261{padding-top: 100px !important;padding-bottom: 75px !important;}&#8221;][vc_column offset=&#8221;vc_col-lg-6 vc_col-md-6&#8243; css=&#8221;.vc_custom_1457621521676{padding-right: 4% !important;}&#8221;][vc_column_text] Nossa Hist\u00f3ria [\/vc_column_text][vc_separator type=&#8221;small&#8221; position=&#8221;left&#8221;][vc_column_text] Uma hist\u00f3ria de sucesso. [\/vc_column_text][vc_separator type=&#8221;transparent&#8221; thickness=&#8221;0&#8243; up=&#8221;0&#8243; down=&#8221;35&#8243;][vc_column_text] Desde 1999 a\u00a0Look Jeans trabalha com os melhores fornecedores e insumos, sempre garantindo&#8230;<\/p>\n","protected":false},"author":3,"featured_media":0,"parent":0,"menu_order":0,"comment_status":"closed","ping_status":"closed","template":"full_width.php","meta":[],"yoast_head":"<!-- This site is optimized with the Yoast SEO plugin v18.2 - https:\/\/yoast.com\/wordpress\/plugins\/seo\/ -->\n<meta name=\"description\" content=\"A cole\u00e7\u00e3o Inverno 2026 Infantil da Look Jeans nasce do olhar curioso da inf\u00e2ncia e da capacidade das crian\u00e7as de transformar cada momento em uma nova descoberta. Inspirada no Clube dos Exploradores no Cotidiano, a cole\u00e7\u00e3o celebra a aventura presente nos pequenos detalhes da rotina, onde brincar, aprender e se expressar caminham juntos.\" \/>\n<meta name=\"robots\" content=\"index, follow, max-snippet:-1, max-image-preview:large, max-video-preview:-1\" \/>\n<link rel=\"canonical\" href=\"https:\/\/lookjeans.com.br\/web\/empresa\/\" \/>\n<meta property=\"og:locale\" content=\"pt_BR\" \/>\n<meta property=\"og:type\" content=\"article\" \/>\n<meta property=\"og:title\" content=\"Empresa - Look Jeans - Inverno 2026\" \/>\n<meta property=\"og:description\" content=\"A cole\u00e7\u00e3o Inverno 2026 Infantil da Look Jeans nasce do olhar curioso da inf\u00e2ncia e da capacidade das crian\u00e7as de transformar cada momento em uma nova descoberta. Inspirada no Clube dos Exploradores no Cotidiano, a cole\u00e7\u00e3o celebra a aventura presente nos pequenos detalhes da rotina, onde brincar, aprender e se expressar caminham juntos.\" \/>\n<meta property=\"og:url\" content=\"https:\/\/lookjeans.com.br\/web\/empresa\/\" \/>\n<meta property=\"og:site_name\" content=\"Look Jeans - Inverno 2026\" \/>\n<meta property=\"article:modified_time\" content=\"2026-03-05T17:13:58+00:00\" \/>\n<meta name=\"twitter:card\" content=\"summary_large_image\" \/>\n<meta name=\"twitter:label1\" content=\"Est. tempo de leitura\" \/>\n\t<meta name=\"twitter:data1\" content=\"3 minutos\" \/>\n<script type=\"application\/ld+json\" class=\"yoast-schema-graph\">{\"@context\":\"https:\/\/schema.org\",\"@graph\":[{\"@type\":\"WebSite\",\"@id\":\"https:\/\/lookjeans.com.br\/web\/#website\",\"url\":\"https:\/\/lookjeans.com.br\/web\/\",\"name\":\"Look Jeans - Inverno 2026\",\"description\":\"\",\"potentialAction\":[{\"@type\":\"SearchAction\",\"target\":{\"@type\":\"EntryPoint\",\"urlTemplate\":\"https:\/\/lookjeans.com.br\/web\/?s={search_term_string}\"},\"query-input\":\"required name=search_term_string\"}],\"inLanguage\":\"pt-BR\"},{\"@type\":\"WebPage\",\"@id\":\"https:\/\/lookjeans.com.br\/web\/empresa\/#webpage\",\"url\":\"https:\/\/lookjeans.com.br\/web\/empresa\/\",\"name\":\"Empresa - Look Jeans - Inverno 2026\",\"isPartOf\":{\"@id\":\"https:\/\/lookjeans.com.br\/web\/#website\"},\"datePublished\":\"2020-08-03T11:41:40+00:00\",\"dateModified\":\"2026-03-05T17:13:58+00:00\",\"description\":\"A cole\u00e7\u00e3o Inverno 2026 Infantil da Look Jeans nasce do olhar curioso da inf\u00e2ncia e da capacidade das crian\u00e7as de transformar cada momento em uma nova descoberta. Inspirada no Clube dos Exploradores no Cotidiano, a cole\u00e7\u00e3o celebra a aventura presente nos pequenos detalhes da rotina, onde brincar, aprender e se expressar caminham juntos.\",\"breadcrumb\":{\"@id\":\"https:\/\/lookjeans.com.br\/web\/empresa\/#breadcrumb\"},\"inLanguage\":\"pt-BR\",\"potentialAction\":[{\"@type\":\"ReadAction\",\"target\":[\"https:\/\/lookjeans.com.br\/web\/empresa\/\"]}]},{\"@type\":\"BreadcrumbList\",\"@id\":\"https:\/\/lookjeans.com.br\/web\/empresa\/#breadcrumb\",\"itemListElement\":[{\"@type\":\"ListItem\",\"position\":1,\"name\":\"In\u00edcio\",\"item\":\"https:\/\/lookjeans.com.br\/web\/\"},{\"@type\":\"ListItem\",\"position\":2,\"name\":\"Empresa\"}]}]}<\/script>\n<!-- \/ Yoast SEO plugin. -->","yoast_head_json":{"description":"A cole\u00e7\u00e3o Inverno 2026 Infantil da Look Jeans nasce do olhar curioso da inf\u00e2ncia e da capacidade das crian\u00e7as de transformar cada momento em uma nova descoberta. Inspirada no Clube dos Exploradores no Cotidiano, a cole\u00e7\u00e3o celebra a aventura presente nos pequenos detalhes da rotina, onde brincar, aprender e se expressar caminham juntos.","robots":{"index":"index","follow":"follow","max-snippet":"max-snippet:-1","max-image-preview":"max-image-preview:large","max-video-preview":"max-video-preview:-1"},"canonical":"https:\/\/lookjeans.com.br\/web\/empresa\/","og_locale":"pt_BR","og_type":"article","og_title":"Empresa - Look Jeans - Inverno 2026","og_description":"A cole\u00e7\u00e3o Inverno 2026 Infantil da Look Jeans nasce do olhar curioso da inf\u00e2ncia e da capacidade das crian\u00e7as de transformar cada momento em uma nova descoberta. Inspirada no Clube dos Exploradores no Cotidiano, a cole\u00e7\u00e3o celebra a aventura presente nos pequenos detalhes da rotina, onde brincar, aprender e se expressar caminham juntos.","og_url":"https:\/\/lookjeans.com.br\/web\/empresa\/","og_site_name":"Look Jeans - Inverno 2026","article_modified_time":"2026-03-05T17:13:58+00:00","twitter_card":"summary_large_image","twitter_misc":{"Est. tempo de leitura":"3 minutos"},"schema":{"@context":"https:\/\/schema.org","@graph":[{"@type":"WebSite","@id":"https:\/\/lookjeans.com.br\/web\/#website","url":"https:\/\/lookjeans.com.br\/web\/","name":"Look Jeans - Inverno 2026","description":"","potentialAction":[{"@type":"SearchAction","target":{"@type":"EntryPoint","urlTemplate":"https:\/\/lookjeans.com.br\/web\/?s={search_term_string}"},"query-input":"required name=search_term_string"}],"inLanguage":"pt-BR"},{"@type":"WebPage","@id":"https:\/\/lookjeans.com.br\/web\/empresa\/#webpage","url":"https:\/\/lookjeans.com.br\/web\/empresa\/","name":"Empresa - Look Jeans - Inverno 2026","isPartOf":{"@id":"https:\/\/lookjeans.com.br\/web\/#website"},"datePublished":"2020-08-03T11:41:40+00:00","dateModified":"2026-03-05T17:13:58+00:00","description":"A cole\u00e7\u00e3o Inverno 2026 Infantil da Look Jeans nasce do olhar curioso da inf\u00e2ncia e da capacidade das crian\u00e7as de transformar cada momento em uma nova descoberta. Inspirada no Clube dos Exploradores no Cotidiano, a cole\u00e7\u00e3o celebra a aventura presente nos pequenos detalhes da rotina, onde brincar, aprender e se expressar caminham juntos.","breadcrumb":{"@id":"https:\/\/lookjeans.com.br\/web\/empresa\/#breadcrumb"},"inLanguage":"pt-BR","potentialAction":[{"@type":"ReadAction","target":["https:\/\/lookjeans.com.br\/web\/empresa\/"]}]},{"@type":"BreadcrumbList","@id":"https:\/\/lookjeans.com.br\/web\/empresa\/#breadcrumb","itemListElement":[{"@type":"ListItem","position":1,"name":"In\u00edcio","item":"https:\/\/lookjeans.com.br\/web\/"},{"@type":"ListItem","position":2,"name":"Empresa"}]}]}},"_links":{"self":[{"href":"http:\/\/lookjeans.com.br\/web\/wp-json\/wp\/v2\/pages\/1084"}],"collection":[{"href":"http:\/\/lookjeans.com.br\/web\/wp-json\/wp\/v2\/pages"}],"about":[{"href":"http:\/\/lookjeans.com.br\/web\/wp-json\/wp\/v2\/types\/page"}],"author":[{"embeddable":true,"href":"http:\/\/lookjeans.com.br\/web\/wp-json\/wp\/v2\/users\/3"}],"replies":[{"embeddable":true,"href":"http:\/\/lookjeans.com.br\/web\/wp-json\/wp\/v2\/comments?post=1084"}],"version-history":[{"count":61,"href":"http:\/\/lookjeans.com.br\/web\/wp-json\/wp\/v2\/pages\/1084\/revisions"}],"predecessor-version":[{"id":1784,"href":"http:\/\/lookjeans.com.br\/web\/wp-json\/wp\/v2\/pages\/1084\/revisions\/1784"}],"wp:attachment":[{"href":"http:\/\/lookjeans.com.br\/web\/wp-json\/wp\/v2\/media?parent=1084"}],"curies":[{"name":"wp","href":"https:\/\/api.w.org\/{rel}","templated":true}]}}